+ 2*a - 2. Let k(w) = j*l(w) + 5*f(w). What is k(-2)?
-8
Let h(n) = -n**2 + 5*n. Let f = 8 - 6. Suppose d - 2*w = 0, w - 18 = -3*d - f*w. Calculate h(d).
4
Let s(o) = -o. Let r be (-2 - 0)/(1/2). Let k be s(r). Let x(n) = -n + 3*n - n. Determine x(k).
4
Let w(x) = -6*x - 6. Let k(z) = 5*z + 6. Let n(u) = 5*k(u) + 4*w(u). Let q be n(-6). Let r(j) = j**3 - j**2 + j - 12 + j**2. Determine r(q).
-12
Let k = 11 + -9. Suppose 5 - k = -x. Let y(w) = w**3 + 3*w**2 - 2*w + 2. Give y(x).
8
Let h(u) = u + 5. Let r = 4 + -6. Let q(n) = n + 5. Let m(c) = r*h(c) + 3*q(c). What is m(-5)?
0
Let i = -150 + 153. Let t(c) = -2*c**2 + 4*c - 1. Give t(i).
-7
Let d(o) = o + 1. Let q(f) be the first derivative of -f**2/2 - f + 10. Let i be q(4). What is d(i)?
-4
Let v = -14 + 22. Suppose 3*d = -h - h - v, -4*d - h - 4 = 0. Let m(y) = -3*y - 6 + 0*y + 1 + 4*y. Calculate m(d).
-5
Let g(z) = 4*z**3 - z**2 + 12*z - 3. Let s(j) = j**3 + j**2 + j + 1. Let u(x) = -g(x) + 5*s(x). Calculate u(-7).
8
Let s(k) be the third derivative of k**6/120 - k**5/60 + k**4/24 - k**3/6 - 2*k**2. Let r = 15 - 10. Let a be r - -3*(3 - 4). Calculate s(a).
5
Let v(a) = -2*a**2 - 2*a. Let q = -40 - -38. Determine v(q).
-4
Let v(k) be the first derivative of k**4/4 - 2*k**3 + 5*k**2/2 + 2*k + 22. Give v(5).
2
Suppose 3*t - 30 = -2*t. Let l(p) = p**3 + 6*p**2 - 2*p. Let c(q) = q**3 - q + 1. Let m(j) = 2*c(j) - l(j). What is m(t)?
2
Let t(k) be the first derivative of -3*k - 1/3*k**3 + 3 - 7/2*k**2. Determine t(-5).
7
Let c(b) = 5*b + 3. Let n be c(4). Let v(g) = -9*g + 5 + n*g - 13*g. What is v(-5)?
0
Let x(s) = -2*s - 5. Suppose -3*y - 3*t + 13 = 2*t, 8 = 3*y + 4*t. Determine x(y).
3
Let y(v) = -v**2 + 4*v + 3. Suppose -6*k = 21 - 9. What is y(k)?
-9
Let u(x) be the first derivative of -x**3/3 + x**2 + x - 19. Determine u(4).
-7
Let h(y) = y + 3. Let t(g) = 4*g + 8. Let f(l) = -8*h(l) + 3*t(l). Let p be f(1). Let n(b) = b - b**2 - b + 3*b. What is n(p)?
-4
Let v(r) = -4 - 4*r**3 + 6*r**2 - r**3 - 9*r + 6*r**3 - r**2. Suppose 5*d - 2*g + 5 = -23, -3*g = 3. Determine v(d).
14
Let p(f) = -f**2 - 7*f - 6. Let q be p(-7). Let d(g) = g**3 + 5*g**2 - 4*g + 4. Give d(q).
-8
Let b(t) be the first derivative of -1 - 5/2*t**2 - 1/3*t**3 + 2*t. Let g be (-3*1)/((-18)/(-24)). What is b(g)?
6
Let f(t) = t**3 - 18*t**2 - 21*t + 34. Let k be f(19). Let y(u) = 4*u - 4. Determine y(k).
-20
Let d be ((-2)/(-2))/((-1)/(-31)). Let b = 22 - d. Let n = 4 + b. Let z(c) = -c - 6. Give z(n).
-1
Let f(k) = 2*k**2 - 4*k + 2. Let g be 34/(-4) + 5/(-10). Let c = g - -11. Calculate f(c).
2
Let m(l) = -1. Let x(c) = c + 3. Let z(n) = -5*m(n) - x(n). Suppose 4*a - 3*s - 38 = 0, -s + 2 = 4. Suppose a*w = 3*w. Give z(w).
2
Let p(t) = -5*t**2 - 1 + 4*t**2 + 6*t**2. Suppose -3*i - 13 = -2*x, 0*x + 2*x + 5*i = -11. Suppose 0*q + 2*q = x. Calculate p(q).
4
Let q(f) = 3*f + 2. Suppose 16 = -v - 3*v. Determine q(v).
-10
Let f(n) = n - 2. Suppose 0 = -14*c + 11*c + 21. What is f(c)?
5
Let h(y) be the second derivative of -y**5/30 + y**4/24 + y**3 - 6*y. Let i(s) be the second derivative of h(s). Give i(2).
-7
Let b(y) = y**3 + 4*y**2 + 5. Let k be b(-4). Let f(j) = -j**2 + 7*j - 2. Determine f(k).
8
Suppose -6 = -5*k + 3*k. Let d(z) = -8*z**k - 13*z - 8*z + 20*z. Calculate d(-1).
9
Let v = -12 + 6. Let p(t) = -t**3 - 7*t**2 - 4*t + 7. Let q be p(v). Let k(a) = a**2 + 6*a + 4. Give k(q).
-1
Let q(d) = d**2 + 6*d + 9. Let i be q(-4). Let a(p) = -6*p**3 - 2 + p**2 + 1 + 14*p**3. What is a(i)?
8
Suppose 5*r - 2*r - 6 = 0. Let t(a) = 7 + 6*a - 3 - 5 - 2*a**3 - 3*a. What is t(r)?
-11
Suppose -3*a + 31 = 5*m, 0*a + 5*a + 4*m = 30. Let j(h) = -4 - a*h - 3 + 6 - 1. Give j(5).
-12
Let p(y) = 3*y - 13. Let h(f) = -16*f + 64. Let l(v) = 2*h(v) + 11*p(v). Calculate l(11).
-4
Let t(z) = -5*z - 1. Let r be t(-1). Let b(h) = -3*h + 24. Let s(q) = q - 4*q + 4*q - 10 + 2. Let u(v) = -4*b(v) - 11*s(v). Determine u(r).
-4
Let j = -63 + 379/6. Let k(t) be the third derivative of -j*t**3 - 7/60*t**5 + 0*t + t**2 + 1/24*t**4 + 0. Determine k(1).
-7
Let r(f) = -f**2 - 3*f + 2. Suppose -4*h + 5 + 3 = 0. Suppose 4*u + u + 16 = -d, 0 = h*u + 5*d - 12. Calculate r(u).
-2
Let q(l) be the second derivative of -l**5/20 - l**4/12 + 5*l. Suppose 4*g - 1 = 5*g. Calculate q(g).
0
Let o(z) = -5*z. Let p(b) = 66*b. Let n(a) = -27*o(a) - 2*p(a). Give n(-1).
-3
Let n = 14 - 11. Let y(u) = -u + u**3 - 5 - n*u**2 + 3 + 0 + 4*u**2. Calculate y(0).
-2
Let i(z) = 3 + z**3 - 2 + 15*z**2 - 6*z**2 + 10*z - 2. Give i(-7).
27
Let m = 65/2 - 32. Let q(o) be the second derivative of m*o**2 + 0*o**3 - 2*o - 1/6*o**4 + 3/10*o**5 + 0. What is q(-1)?
-7
Let t(y) = -y**3 + 2*y**2 - 3*y + 3. Let l(m) be the second derivative of m**5/20 - 3*m**4/4 + m**3/6 - 7*m**2/2 - 3*m. Let k be l(9). Determine t(k).
-3
Suppose 6*o = 3*o + 9. Let f(r) be the third derivative of -r**4/24 + r**3/6 - r**2. Give f(o).
-2
Let d(w) = 0 + 0*w**2 - w**3 + 4 + w**2. Suppose -2*g + 4*g = 0, -5*m + 2*g = -15. Let s(v) = v - 3. Let p be s(m). Determine d(p).
4
Let b(t) = 2*t - 1. Let k = 17 - 22. Give b(k).
-11
Let t(o) = o. Let s(n) = -7*n - 1. Let z(i) = -8*i - 1. Let g(l) = 4*s(l) - 3*z(l). Let k(j) = -g(j) - 3*t(j). Give k(-2).
-1
Let g(h) = -h. Let q be g(0). Let v(k) = -1 + q*k**2 + k**2 + k + 0*k**2. Suppose 4*s + 24 = 4*l, 0 = 2*s + 12 - 2. Give v(l).
1
Let s(g) be the first derivative of -g**4/4 + g**3/2 - 3*g**2/2 - 3*g - 3. Let v(r) be the first derivative of s(r). Determine v(2).
-9
Let a = -44 - -40. Let t be (4 - -1) + (-1)/1. Let b(f) = -f - t - f + 0*f. What is b(a)?
4
Let k(r) be the second derivative of r**7/840 + r**6/72 - r**5/20 + 5*r**3/3 - 5*r. Let j(s) be the second derivative of k(s). Let v be 0 - 2/1*3. What is j(v)?
0
Let v(j) be the third derivative of -j**4/24 + j**3/2 + 20*j**2. Suppose 1 = z - 4. What is v(z)?
-2
Let p(m) = 3*m**2 + 20*m - 6. Let x be p(-7). Let g(o) = o**2 + 3*o + 1. Let h(f) = -3*f**2 - 7*f - 3. Let i(v) = 5*g(v) + 2*h(v). Determine i(x).
-1
Suppose -m - 3*t = 3 + 13, -2*m + 4*t + 18 = 0. Let p(w) = -5 + w**2 + 3 - w + 1. What is p(m)?
1
Let x(v) be the second derivative of -1/120*v**5 + 0 + 1/12*v**4 + 5/6*v**3 + 0*v**2 + 5*v. Let m(y) be the second derivative of x(y). Determine m(0).
2
Let d(h) = -h**3 + h - 2. Let i be d(0). Let g(t) = -2*t**3 - 2*t**2 + 0*t**2 + 0*t + 2*t + 1. Give g(i).
5
Let y(t) = -t**3 - 5*t**2 + t + 4. Suppose -26 = l - 5*d, -2*l + 6*l - 3*d + 53 = 0. Let n = l - -6. Determine y(n).
-1
Let y be 3*3 + (2 - 3). Let l(o) = -y*o**3 + 5 - 5 - 1 + 2*o**2. Let v = 222 + -221. Determine l(v).
-7
Suppose 4*i - 11 = -31. Let j(u) be the second derivative of -u**5/20 - 5*u**4/12 - u**3/6 - 3*u. Give j(i).
5
Let m(c) = -c**3 + 3*c - 1. Suppose -q + 4 = -0*q, -4*f - 5*q + 8 = 0. Let h be (f/2)/((-3)/8). Suppose g = -5*u + 11, 4*u - h*g = -0*g + 4. Give m(u).
-3
Let y = -2 + 3. Suppose -t - 5*h - y = 27, -2*t + 2*h + 4 = 0. Let a(j) = j**2 + 2*j + 1. Calculate a(t).
4
Let l(y) = -4*y**2 + 2*y - 4. Let a(u) = 5*u**2 - 2*u + 5. Let b(n) = -2*a(n) - 3*l(n). Determine b(2).
6
Let n(f) = f - 6. Suppose 3*m = 7*m + 4*y - 28, -3*m + 18 = 2*y. Give n(m).
-2
Let r(c) = c**3 - 1 - 1 + 4 - 4 - 2*c**2. Calculate r(3).
7
Let b(u) = 5*u - 2. Let o be b(3). Let m = o - 16. Let v(s) = s**2 + 4*s + 3. Determine v(m).
0
Let t(h) = 4*h + 4. Let s(g) = -2*g - 2. Suppose 5*l + w + 17 + 12 = 0, 2*l - 4*w = 6. Let c(p) = l*s(p) - 3*t(p). Give c(-2).
2
Let s(z) = z**2. Let q(y) = -6*y**2 + 3. Suppose 2*u + 7*m - 10 = 3*m, 5*u + 3*m = 25. Let x(v) = u*s(v) + q(v). Give x(-3).
-6
Let v(k) be the second derivative of 0*k**5 + 1/360*k**6 + 0 - 1/4*k**4 + 0*k**2 + 1/3*k**3 + k. Let i(t) be the second derivative of v(t). What is i(0)?
-6
Let b(l) = -l**2 + 4*l. Suppose 4*o - 2 = 2. Let t = 0 - -4. Let y = t + o. What is b(y)?
-5
Let x(h) be the first derivative of h**3/3 - 5*h**2/2 + h + 5. Give x(5).
1
Let j(u) be the third derivative of -u**5/60 + 3*u**4/8 - 4*u**3/3 - 7*u**2. Let z be j(8). Let q(l) be the first derivative of l**2/2 + 9*l - 1. What is q(z)?
9
Let n(m) = m**2 + 6*m - 1. Let g be n(-6). Let r(b) = -5*b - 1. What is r(g)?
4
Suppose -5*t + 41 = 4*i, 2*i + 2*t + 0*t - 18 = 0. Let h(a) = a - 1. What is h(i)?
3
Let f(y) be the second derivative of y**6/720 - y**5/120 